e 7) in base 4?
-303303
What is -352431 (base 6) in base 11?
-2092a
Convert 110220101 (base 3) to base 10.
9406
What is 202121 (base 3) in base 8?
1054
What is 112443 (base 7) in base 15?
5e66
-3297 (base 11) to base 6
-32033
Convert 787 (base 10) to base 9.
1064
What is 30cd (base 16) in base 13?
58c0
Convert -5253 (base 6) to base 7.
-3312
What is -506 (base 12) in base 8?
-1326
What is -106 (base 11) in base 16?
-7f
-31641 (base 10) to base 12
-16389
What is -18b0 (base 14) in base 3?
-20010102
203101 (base 6) to base 14
5cbb
2102222 (base 4) to base 11
7063
Convert -10133 (base 4) to base 8.
-437
Convert 40521 (base 6) to base 5.
133002
Convert -1044 (base 5) to base 11.
-126
Convert 246 (base 14) to base 12.
31a
-44a2 (base 13) to base 11
-7234
What is 110000 (base 2) in base 14?
36
3012 (base 5) to base 7
1054
Convert 1987 (base 15) to base 10.
5527
-2592 (base 13) to base 14
-1d4a
Convert -a8d (base 16) to base 15.
-c01
10a (base 14) to base 15
db
13112 (base 5) to base 3
1102020
Convert 19cd7 (base 14) to base 6.
1223541
12729 (base 11) to base 7
104002
Convert -9742 (base 10) to base 6.
-113034
What is 11060 (base 9) in base 3?
101002000
887 (base 9) to base 15
337
What is 127 (base 12) in base 15?
ba
Convert -625 (base 7) to base 11.
-265
Convert -2c7 (base 16) to base 11.
-597
Convert 622 (base 12) to base 8.
1572
What is -1011010111 (base 2) in base 6?
-3211
What is 10031031 (base 4) in base 7?
101142
Convert -1ac (base 15) to base 2.
-110000011
What is 1075 (base 12) in base 3?
2111022
77c (base 14) to base 8
2712
Convert 25422 (base 6) to base 2.
111011110110
1706a (base 14) to base 8
160566
265742 (base 8) to base 9
151704
What is 100010110 (base 2) in base 9?
338
Convert 3502 (base 9) to base 5.
40334
What is 240234 (base 6) in base 11?
14717
46 (base 14) to base 5
222
34523 (base 9) to base 8
54761
Convert 100001000000011 (base 2) to base 3.
212011220
Convert -51210 (base 7) to base 3.
-122002020
Convert -2889 (base 10) to base 15.
-cc9
Convert -1220223 (base 4) to base 5.
-203244
What is 17895 (base 10) in base 6?
214503
Convert -12a4 (base 15) to base 9.
-5411
What is 1000000000111 (base 2) in base 5?
112403
3ee2 (base 16) to base 9
24066
Convert 100102 (base 5) to base 13.
1586
Convert 231120 (base 4) to base 10.
2904
Convert -273 (base 12) to base 15.
-1a0
Convert 32034 (base 5) to base 14.
ad2
-3104 (base 10) to base 5
-44404
What is 8a95 (base 12) in base 16?
3c11
Convert -4421 (base 5) to base 7.
-1532
Convert 155 (base 7) to base 4.
1121
What is -1670 (base 10) in base 11?
-1289
4040 (base 8) to base 7
6031
-1101220 (base 3) to base 8
-1777
31 (base 9) to base 7
40
a0d0 (base 14) to base 5
1340442
Convert -271 (base 9) to base 12.
-16a
87155 (base 9) to base 2
1110000101111010
Convert 1102313 (base 6) to base 13.
1c044
Convert 17a9 (base 11) to base 4.
203321
Convert -38 (base 9) to base 13.
-29
Convert 12535 (base 6) to base 5.
30211
Convert 1140 (base 8) to base 9.
745
What is 106577 (base 8) in base 10?
36223
855 (base 15) to base 6
12412
What is -303 (base 5) in base 6?
-210
-2433 (base 6) to base 3
-211010
Convert -9d4 (base 14) to base 10.
-1950
What is -11210 (base 5) in base 11?
-672
Convert 21012000 (base 3) to base 6.
40130
What is 11010110100011 (base 2) in base 7?
55014
Convert -2025 (base 7) to base 6.
-3133
What is 53244 (base 7) in base 6?
140540
1020020120 (base 3) to base 13
b052
What is -6047 (base 8) in base 11?
-2379
Convert -1000100101110 (base 2) to base 16.
-112e
What is -1212202121 (base 3) in base 9?
-55677
What is 16c (base 16) in base 4?
11230
What is 2832 (base 9) in base 4?
201113
What is -30d6 (base 15) in base 7?
-42051
Convert -59c9 (base 14) to base 13.
-7189
Convert -21c5 (base 14) to base 9.
-8027
What is 148 (base 10) in base 16?
94
What is 255 (base 8) in base 12?
125
-eb (base 15) to base 9
-265
2022030 (base 4) to base 3
110010120
Convert 688 (base 13) to base 8.
2146
-6b7 (base 12) to base 2
-1111101011
Convert 17e (base 15) to base 11.
293
11 (base 15) to base 14
12
1646 (base 9) to base 11
a43
1542 (base 7) to base 5
4433
Convert 294e (base 15) to base 13.
4049
What is -10101001010111100 (base 2) in base 7?
-510550
10000111101 (base 2) to base 10
1085
Convert 201013 (base 6) to base 9.
23570
Convert 112c (base 16) to base 8.
10454
Convert 1000 (base 6) to base 15.
e6
Convert -2385 (base 11) to base 5.
-44433
What is 663 (base 12) in base 5?
12224
Convert -2265 (base 13) to base 3.
-20121100
What is -6839 (base 12) in base 7?
-45501
Convert -21012112 (base 3) to base 5.
-132002
What is -2b9 (base 14) in base 10?
-555
144123 (base 5) to base 3
22110021
Convert -22430 (base 6) to base 5.
-100221
Convert 577 (base 12) to base 16.
32b
What is -210200102 (base 3) in base 9?
-23612
Convert -30020 (base 6) to base 14.
-15c8
Convert 181 (base 15) to base 16.
15a
What is 50553 (base 6) in base 5?
203233
Convert -890 (base 12) to base 2.
-10011101100
Convert -3102 (base 4) to base 10.
-210
-1ac (base 16) to base 8
-654
-682 (base 9) to base 16
-230
What is 24501 (base 7) in base 12?
3870
-21741 (base 8) to base 16
-23e1
What is -1ac (base 16) in base 9?
-525
Convert -54354 (base 7) to base 2.
-11010011111011
-3134 (base 5) to base 4
-12203
Convert 6206 (base 15) to base 5.
1130311
What is -146 (base 10) in base 6?
-402
Convert 5766 (base 8) to base 16.
bf6
5a19 (base 14) to base 12
9107
Convert 43d0 (base 14) to base 3.
121010001
What is -1210 (base 7) in base 15?
-1ed
What is 2117 (base 9) in base 12?
a97
3840 (base 9) to base 10
2871
What is aaea (base 15) in base 10?
36220
Convert 123c (base 13) to base 3.
10112210
Convert -2586 (base 9) to base 10.
-1941
What is -100011010011 (base 2) in base 10?
-2259
-1111122102 (base 3) to base 12
-15192
What is 22331 (base 4) in base 2?
1010111101
45 (base 9) to base 4
221
Convert -340002 (base 5) to base 8.
-27145
Convert -21cd (base 16) to base 8.
-20715
What is 1133 (base 7) in base 3?
120102
559a4 (base 11) to base 13
2ab88
-20220022 (base 3) to base 6
-35142
110303 (base 4) to base 9
1738
-218a (base 13) to base 11
-3572
21c7 (base 13) to base 2
1001001110110
What is 101000101110 (base 2) in base 12?
1612
What is -2c1b (base 16) in base 4?
-2300123
Convert -84602 (base 10) to base 9.
-138042
Convert -25c (base 15) to base 10.
-537
8a5 (base 11) to base 15
4c3
Convert 3353 (base 6) to base 7.
2205
Convert 65 (base 13) to base 9.
102
What is 2403 (base 9) in base 7?
5130
Convert 160c (base 13) to base 15.
e4d
12688 (base 10) to base 3
122101221
What is 142c3 (base 13) in base 15?
b331
What is 4400 (base 5) in base 12?
420
121222 (base 3) to base 11
387
-811 (base 11) to base 3
-1100022
Convert 266 (base 8) to base 5.
1212
Convert 146a8 (base 11) to base 16.
5149
What is -146 (base 15) in base 2?
-100100011
What is 4925 (base 11) in base 12?
3888
What is -100022 (base 3) in base 5?
-2001
-1120 (base 12) to base 14
-996
What is -36420 (base 10) in base 4?
-20321010
Convert 17ca (base 16) to base 15.
1c10
-3245 (base 12) to base 10
-5525
Convert 2 (base 7) to base 8.
2
What is 278 (base 13) in base 10?
437
Convert -399 (base 11) to base 8.
-727
Convert 54534 (base 6) to base 11.
5740
Convert -1077 (base 8) to base 11.
-483
Convert -1917 (base 14) to base 15.
-151e
Convert 10533 (base 6) to base 15.
69c
1320003 (base 4) to base 5
221213
-17968 (base 10) to base 9
-26574
98 (base 13) to base 14
8d
What is 122231 (base 6) in base 13?
4c5a
Convert 440 (base 5) to base 10.
120
What is 4352 (base 8) in base 3?
10010112
Convert 1655 (base 10) to base 9.
2238
What is 710 (base 13) in base 16?
4ac
-101102201 (base 4) to base 6
-1303505
-244 (base 14) to base 3
-121202
Convert 361 (base 10) to base 13.
21a
Convert 13c2 (base 13) to base 7.
11226
Convert -4aa (base 13) to base 15.
-396
-100 (base 9) to base 12
-69
What is -10364 (base 7) in base 16?
-a22
-1220120 (base 3) to base 13
-831
What is 9842 (base 15) in base 10?
32237
13858 (base 10) to base 14
509c
What is -81 (base 13) in base 10?
-105
-128a (base 13) to base 5
-41044
-110020201 (base 3) to base 14
-337b
999a (base 15) to base 12
16a01
Convert 169 (base 11) to base 2.
11000100
What is -611 (base 11) in base 15?
-343
223233 (base 4) to base 16
aef
What is -1234 (base 9) in base 8?
-1632
-cc71